{"id":479,"date":"2024-06-15T14:22:50","date_gmt":"2024-06-15T12:22:50","guid":{"rendered":"https:\/\/wordpress.rhoischnooke.de\/?page_id=479"},"modified":"2025-10-29T17:44:02","modified_gmt":"2025-10-29T16:44:02","slug":"ehrenorden","status":"publish","type":"page","link":"https:\/\/rhoischnooke.de\/index.php\/wissenswertes\/ehrenorden\/","title":{"rendered":"Ehrenorden"},"content":{"rendered":"\t\t<div data-elementor-type=\"wp-page\" data-elementor-id=\"479\" class=\"elementor elementor-479\" data-elementor-post-type=\"page\">\n\t\t\t\t\t\t<section class=\"elementor-section elementor-top-section elementor-element elementor-element-e5224f0 elementor-section-boxed elementor-section-height-default elementor-section-height-default\" data-id=\"e5224f0\" data-element_type=\"section\" data-e-type=\"section\">\n\t\t\t\t\t\t<div class=\"elementor-container elementor-column-gap-default\">\n\t\t\t\t\t<div class=\"elementor-column elementor-col-50 elementor-top-column elementor-element elementor-element-fc11d5b\" data-id=\"fc11d5b\" data-element_type=\"column\" data-e-type=\"column\">\n\t\t\t<div class=\"elementor-widget-wrap elementor-element-populated\">\n\t\t\t\t\t\t<div class=\"elementor-element elementor-element-0238c62 elementor-widget elementor-widget-image\" data-id=\"0238c62\" data-element_type=\"widget\" data-e-type=\"widget\" data-widget_type=\"image.default\">\n\t\t\t\t<div class=\"elementor-widget-container\">\n\t\t\t\t\t\t\t\t\t\t\t\t\t\t\t<img fetchpriority=\"high\" decoding=\"async\" width=\"299\" height=\"235\" src=\"https:\/\/rhoischnooke.de\/wp-content\/uploads\/2024\/06\/Gardeorden.jpg\" class=\"attachment-medium size-medium wp-image-482\" alt=\"\" \/>\t\t\t\t\t\t\t\t\t\t\t\t\t\t\t<\/div>\n\t\t\t\t<\/div>\n\t\t\t\t\t<\/div>\n\t\t<\/div>\n\t\t\t\t<div class=\"elementor-column elementor-col-50 elementor-top-column elementor-element elementor-element-b6da3ea\" data-id=\"b6da3ea\" data-element_type=\"column\" data-e-type=\"column\">\n\t\t\t<div class=\"elementor-widget-wrap elementor-element-populated\">\n\t\t\t\t\t\t<div class=\"elementor-element elementor-element-2445f56 elementor-widget elementor-widget-text-editor\" data-id=\"2445f56\" data-element_type=\"widget\" data-e-type=\"widget\" data-widget_type=\"text-editor.default\">\n\t\t\t\t<div class=\"elementor-widget-container\">\n\t\t\t\t\t\t\t\t\t<p><strong>Der\u00a0<\/strong><strong>Gardeorden<\/strong>\u00a0wurde von Gerhard Welauer entworfen und wird verdienten Gardet\u00e4nzerinnen und -t\u00e4nzern\u00a0entsprechend der Verleihungsrichtlinien nach 5 Jahren (Bronze), nach 8 Jahren (Silber) und nach 11 Jahren (Gold) verliehen, wenn\u00a0 sie\u00a0 in diesem Zeitraum aktive\u00a0Gardet\u00e4nzer \/-innen waren.<\/p>\t\t\t\t\t\t\t\t<\/div>\n\t\t\t\t<\/div>\n\t\t\t\t\t<\/div>\n\t\t<\/div>\n\t\t\t\t\t<\/div>\n\t\t<\/section>\n\t\t\t\t<section class=\"elementor-section elementor-top-section elementor-element elementor-element-6596f80 elementor-section-boxed elementor-section-height-default elementor-section-height-default\" data-id=\"6596f80\" data-element_type=\"section\" data-e-type=\"section\">\n\t\t\t\t\t\t<div class=\"elementor-container elementor-column-gap-default\">\n\t\t\t\t\t<div class=\"elementor-column elementor-col-50 elementor-top-column elementor-element elementor-element-55c47f3\" data-id=\"55c47f3\" data-element_type=\"column\" data-e-type=\"column\">\n\t\t\t<div class=\"elementor-widget-wrap elementor-element-populated\">\n\t\t\t\t\t\t<div class=\"elementor-element elementor-element-3058f21 elementor-widget elementor-widget-image\" data-id=\"3058f21\" data-element_type=\"widget\" data-e-type=\"widget\" data-widget_type=\"image.default\">\n\t\t\t\t<div class=\"elementor-widget-container\">\n\t\t\t\t\t\t\t\t\t\t\t\t\t\t\t<img decoding=\"async\" width=\"98\" height=\"240\" src=\"https:\/\/rhoischnooke.de\/wp-content\/uploads\/2024\/06\/Goldene_Schnake.jpg\" class=\"attachment-medium size-medium wp-image-483\" alt=\"\" \/>\t\t\t\t\t\t\t\t\t\t\t\t\t\t\t<\/div>\n\t\t\t\t<\/div>\n\t\t\t\t\t<\/div>\n\t\t<\/div>\n\t\t\t\t<div class=\"elementor-column elementor-col-50 elementor-top-column elementor-element elementor-element-d005519\" data-id=\"d005519\" data-element_type=\"column\" data-e-type=\"column\">\n\t\t\t<div class=\"elementor-widget-wrap elementor-element-populated\">\n\t\t\t\t\t\t<div class=\"elementor-element elementor-element-a216f7f elementor-widget elementor-widget-text-editor\" data-id=\"a216f7f\" data-element_type=\"widget\" data-e-type=\"widget\" data-widget_type=\"text-editor.default\">\n\t\t\t\t<div class=\"elementor-widget-container\">\n\t\t\t\t\t\t\t\t\t<p><strong>Die Goldene Schnook<\/strong>\u00a0wird verdienten Aktiven\u00a0f\u00fcr\u00a0herausragende Leistungen<br \/>nach den Verleihungsrichtlinien des Vereins verliehen.<\/p>\t\t\t\t\t\t\t\t<\/div>\n\t\t\t\t<\/div>\n\t\t\t\t\t<\/div>\n\t\t<\/div>\n\t\t\t\t\t<\/div>\n\t\t<\/section>\n\t\t\t\t<section class=\"elementor-section elementor-top-section elementor-element elementor-element-a4cffb6 elementor-section-boxed elementor-section-height-default elementor-section-height-default\" data-id=\"a4cffb6\" data-element_type=\"section\" data-e-type=\"section\">\n\t\t\t\t\t\t<div class=\"elementor-container elementor-column-gap-default\">\n\t\t\t\t\t<div class=\"elementor-column elementor-col-50 elementor-top-column elementor-element elementor-element-7bdec87\" data-id=\"7bdec87\" data-element_type=\"column\" data-e-type=\"column\">\n\t\t\t<div class=\"elementor-widget-wrap elementor-element-populated\">\n\t\t\t\t\t\t<div class=\"elementor-element elementor-element-bf9295d elementor-widget elementor-widget-image\" data-id=\"bf9295d\" data-element_type=\"widget\" data-e-type=\"widget\" data-widget_type=\"image.default\">\n\t\t\t\t<div class=\"elementor-widget-container\">\n\t\t\t\t\t\t\t\t\t\t\t\t\t\t\t<img decoding=\"async\" width=\"300\" height=\"225\" src=\"https:\/\/rhoischnooke.de\/wp-content\/uploads\/2024\/06\/Elferratsorden-300x225.jpg\" class=\"attachment-medium size-medium wp-image-481\" alt=\"\" srcset=\"https:\/\/rhoischnooke.de\/wp-content\/uploads\/2024\/06\/Elferratsorden-300x225.jpg 300w, https:\/\/rhoischnooke.de\/wp-content\/uploads\/2024\/06\/Elferratsorden.jpg 640w\" sizes=\"(max-width: 300px) 100vw, 300px\" \/>\t\t\t\t\t\t\t\t\t\t\t\t\t\t\t<\/div>\n\t\t\t\t<\/div>\n\t\t\t\t\t<\/div>\n\t\t<\/div>\n\t\t\t\t<div class=\"elementor-column elementor-col-50 elementor-top-column elementor-element elementor-element-bc984c9\" data-id=\"bc984c9\" data-element_type=\"column\" data-e-type=\"column\">\n\t\t\t<div class=\"elementor-widget-wrap elementor-element-populated\">\n\t\t\t\t\t\t<div class=\"elementor-element elementor-element-f7eb3fe elementor-widget elementor-widget-text-editor\" data-id=\"f7eb3fe\" data-element_type=\"widget\" data-e-type=\"widget\" data-widget_type=\"text-editor.default\">\n\t\t\t\t<div class=\"elementor-widget-container\">\n\t\t\t\t\t\t\t\t\t<p><strong>Der Elferratsstern<\/strong>\u00a0gibt es in Silber und in Gold. Nach f\u00fcnf Jahren aktive Elferratst\u00e4tigkeit wird der silberne Elferratssternm verliehen und nach 10 Jahren der goldene.<\/p>\t\t\t\t\t\t\t\t<\/div>\n\t\t\t\t<\/div>\n\t\t\t\t\t<\/div>\n\t\t<\/div>\n\t\t\t\t\t<\/div>\n\t\t<\/section>\n\t\t\t\t<section class=\"elementor-section elementor-top-section elementor-element elementor-element-4d18c0a elementor-section-boxed elementor-section-height-default elementor-section-height-default\" data-id=\"4d18c0a\" data-element_type=\"section\" data-e-type=\"section\">\n\t\t\t\t\t\t<div class=\"elementor-container elementor-column-gap-default\">\n\t\t\t\t\t<div class=\"elementor-column elementor-col-50 elementor-top-column elementor-element elementor-element-506679e\" data-id=\"506679e\" data-element_type=\"column\" data-e-type=\"column\">\n\t\t\t<div class=\"elementor-widget-wrap elementor-element-populated\">\n\t\t\t\t\t\t<div class=\"elementor-element elementor-element-6addee4 elementor-widget elementor-widget-image\" data-id=\"6addee4\" data-element_type=\"widget\" data-e-type=\"widget\" data-widget_type=\"image.default\">\n\t\t\t\t<div class=\"elementor-widget-container\">\n\t\t\t\t\t\t\t\t\t\t\t\t\t\t\t<img loading=\"lazy\" decoding=\"async\" width=\"154\" height=\"300\" src=\"https:\/\/rhoischnooke.de\/wp-content\/uploads\/2024\/06\/Goldner_Loewe-154x300.gif\" class=\"attachment-medium size-medium wp-image-484\" alt=\"\" \/>\t\t\t\t\t\t\t\t\t\t\t\t\t\t\t<\/div>\n\t\t\t\t<\/div>\n\t\t\t\t\t<\/div>\n\t\t<\/div>\n\t\t\t\t<div class=\"elementor-column elementor-col-50 elementor-top-column elementor-element elementor-element-f803322\" data-id=\"f803322\" data-element_type=\"column\" data-e-type=\"column\">\n\t\t\t<div class=\"elementor-widget-wrap elementor-element-populated\">\n\t\t\t\t\t\t<div class=\"elementor-element elementor-element-8cae76c elementor-widget elementor-widget-text-editor\" data-id=\"8cae76c\" data-element_type=\"widget\" data-e-type=\"widget\" data-widget_type=\"text-editor.default\">\n\t\t\t\t<div class=\"elementor-widget-container\">\n\t\t\t\t\t\t\t\t\t<p>Der h\u00f6chste Verdienstorden der Vereinigung Badisch-Pf\u00e4lzischer Karnevalvereine, der \u201eGoldene L\u00f6we\u201c stellt im Grunde die Narretei auf den Kopf. Sozusagen wider aller Narrenweisheit. Denn dieser Orden wird f\u00fcr n\u00e4rrische Verdienste verliehen, eine Auszeichnung f\u00fcr all jene, die sich um die Fasnacht jahrelang, jahrzehntelang verdient gemacht haben. Er ist weder Parodie noch Persiflage. N\u00e4here Informationen finden Sie bei der<br \/>Vereinigung Badisch-Pf\u00e4lzischer Karnevalvereine<\/p>\t\t\t\t\t\t\t\t<\/div>\n\t\t\t\t<\/div>\n\t\t\t\t\t<\/div>\n\t\t<\/div>\n\t\t\t\t\t<\/div>\n\t\t<\/section>\n\t\t\t\t<\/div>\n\t\t","protected":false},"excerpt":{"rendered":"<p>Der\u00a0Gardeorden\u00a0wurde von Gerhard Welauer entworfen und wird verdienten Gardet\u00e4nzerinnen und -t\u00e4nzern\u00a0entsprechend der Verleihungsrichtlinien nach 5 Jahren (Bronze), nach 8 Jahren (Silber) und nach 11 Jahren (Gold) verliehen, wenn\u00a0 sie\u00a0 in diesem Zeitraum aktive\u00a0Gardet\u00e4nzer \/-innen waren. Die Goldene Schnook\u00a0wird verdienten Aktiven\u00a0f\u00fcr\u00a0herausragende Leistungennach den Verleihungsrichtlinien des Vereins verliehen. Der Elferratsstern\u00a0gibt es in Silber und in Gold. Nach [&hellip;]<\/p>\n","protected":false},"author":1,"featured_media":0,"parent":1206,"menu_order":9,"comment_status":"closed","ping_status":"closed","template":"","meta":{"footnotes":""},"class_list":["post-479","page","type-page","status-publish","hentry"],"_links":{"self":[{"href":"https:\/\/rhoischnooke.de\/index.php\/wp-json\/wp\/v2\/pages\/479","targetHints":{"allow":["GET"]}}],"collection":[{"href":"https:\/\/rhoischnooke.de\/index.php\/wp-json\/wp\/v2\/pages"}],"about":[{"href":"https:\/\/rhoischnooke.de\/index.php\/wp-json\/wp\/v2\/types\/page"}],"author":[{"embeddable":true,"href":"https:\/\/rhoischnooke.de\/index.php\/wp-json\/wp\/v2\/users\/1"}],"replies":[{"embeddable":true,"href":"https:\/\/rhoischnooke.de\/index.php\/wp-json\/wp\/v2\/comments?post=479"}],"version-history":[{"count":7,"href":"https:\/\/rhoischnooke.de\/index.php\/wp-json\/wp\/v2\/pages\/479\/revisions"}],"predecessor-version":[{"id":1132,"href":"https:\/\/rhoischnooke.de\/index.php\/wp-json\/wp\/v2\/pages\/479\/revisions\/1132"}],"up":[{"embeddable":true,"href":"https:\/\/rhoischnooke.de\/index.php\/wp-json\/wp\/v2\/pages\/1206"}],"wp:attachment":[{"href":"https:\/\/rhoischnooke.de\/index.php\/wp-json\/wp\/v2\/media?parent=479"}],"curies":[{"name":"wp","href":"https:\/\/api.w.org\/{rel}","templated":true}]}}