{"id":305,"date":"2024-06-13T17:59:08","date_gmt":"2024-06-13T15:59:08","guid":{"rendered":"https:\/\/wordpress.rhoischnooke.de\/?page_id=305"},"modified":"2026-03-27T19:58:16","modified_gmt":"2026-03-27T18:58:16","slug":"dubbbeschobbegaeng","status":"publish","type":"page","link":"https:\/\/rhoischnooke.de\/index.php\/gruppen\/dubbbeschobbegaeng\/","title":{"rendered":"Dubbbeschobbeg\u00e4ng"},"content":{"rendered":"\t\t<div data-elementor-type=\"wp-page\" data-elementor-id=\"305\" class=\"elementor elementor-305\" data-elementor-post-type=\"page\">\n\t\t\t\t\t\t<section class=\"elementor-section elementor-top-section elementor-element elementor-element-a957762 elementor-section-boxed elementor-section-height-default elementor-section-height-default\" data-id=\"a957762\" data-element_type=\"section\" data-e-type=\"section\">\n\t\t\t\t\t\t<div class=\"elementor-container elementor-column-gap-default\">\n\t\t\t\t\t<div class=\"elementor-column elementor-col-50 elementor-top-column elementor-element elementor-element-ad07fcf\" data-id=\"ad07fcf\" data-element_type=\"column\" data-e-type=\"column\">\n\t\t\t<div class=\"elementor-widget-wrap elementor-element-populated\">\n\t\t\t\t\t\t<div class=\"elementor-element elementor-element-f844749 elementor-widget elementor-widget-text-editor\" data-id=\"f844749\" data-element_type=\"widget\" data-e-type=\"widget\" data-widget_type=\"text-editor.default\">\n\t\t\t\t<div class=\"elementor-widget-container\">\n\t\t\t\t\t\t\t\t\t<p>Handgemachte Musik ist das Markenzeichen der \u201eDubbes\u201c Sie sorgen bei Veranstaltungen der \u201eRhoischnooke\u201c f\u00fcr Stimmung mit aktuellen Schlager- und Ballermannhits. Ihre Spezialit\u00e4t sind traditionelle Pf\u00e4lzer Lieder, aber auch ins pf\u00e4lzische umgetextete bekannte Titel. Zur Vita geh\u00f6ren au\u00dferdem Auftritte bei Pf\u00e4lzer Abenden au\u00dferhalb des Vereins, beim Festungsfest oder bei der Kultur- und Museumsnacht in Germersheim. Auch im Repertoire sind moderne Kirchenlieder bei verschiedenen Gottesdiensten. Die derzeitige Besetzung ist: Gerhard Welauer (Gitarre und Gesang), Peter Horn (Keyboard und Gesang), Ingo Schneider (Bass und Gesang) und Andy Seither (Gitarre und Gesang)<\/p>\t\t\t\t\t\t\t\t<\/div>\n\t\t\t\t<\/div>\n\t\t\t\t\t<\/div>\n\t\t<\/div>\n\t\t\t\t<div class=\"elementor-column elementor-col-50 elementor-top-column elementor-element elementor-element-a1c0077\" data-id=\"a1c0077\" data-element_type=\"column\" data-e-type=\"column\">\n\t\t\t<div class=\"elementor-widget-wrap elementor-element-populated\">\n\t\t\t\t\t\t<div class=\"elementor-element elementor-element-1cb944e elementor-widget__width-initial elementor-widget elementor-widget-image\" data-id=\"1cb944e\" data-element_type=\"widget\" data-e-type=\"widget\" data-widget_type=\"image.default\">\n\t\t\t\t<div class=\"elementor-widget-container\">\n\t\t\t\t\t\t\t\t\t\t\t\t\t\t\t<img fetchpriority=\"high\" decoding=\"async\" width=\"800\" height=\"849\" src=\"https:\/\/rhoischnooke.de\/wp-content\/uploads\/2025\/11\/IMG-20251010-WA0005-965x1024.jpg\" class=\"attachment-large size-large wp-image-1305\" alt=\"\" srcset=\"https:\/\/rhoischnooke.de\/wp-content\/uploads\/2025\/11\/IMG-20251010-WA0005-965x1024.jpg 965w, https:\/\/rhoischnooke.de\/wp-content\/uploads\/2025\/11\/IMG-20251010-WA0005-283x300.jpg 283w, https:\/\/rhoischnooke.de\/wp-content\/uploads\/2025\/11\/IMG-20251010-WA0005-768x815.jpg 768w, https:\/\/rhoischnooke.de\/wp-content\/uploads\/2025\/11\/IMG-20251010-WA0005-1447x1536.jpg 1447w, https:\/\/rhoischnooke.de\/wp-content\/uploads\/2025\/11\/IMG-20251010-WA0005.jpg 1500w\" sizes=\"(max-width: 800px) 100vw, 800px\" \/>\t\t\t\t\t\t\t\t\t\t\t\t\t\t\t<\/div>\n\t\t\t\t<\/div>\n\t\t\t\t\t<\/div>\n\t\t<\/div>\n\t\t\t\t\t<\/div>\n\t\t<\/section>\n\t\t\t\t<\/div>\n\t\t","protected":false},"excerpt":{"rendered":"<p>Handgemachte Musik ist das Markenzeichen der \u201eDubbes\u201c Sie sorgen bei Veranstaltungen der \u201eRhoischnooke\u201c f\u00fcr Stimmung mit aktuellen Schlager- und Ballermannhits. Ihre Spezialit\u00e4t sind traditionelle Pf\u00e4lzer Lieder, aber auch ins pf\u00e4lzische umgetextete bekannte Titel. Zur Vita geh\u00f6ren au\u00dferdem Auftritte bei Pf\u00e4lzer Abenden au\u00dferhalb des Vereins, beim Festungsfest oder bei der Kultur- und Museumsnacht in Germersheim. Auch [&hellip;]<\/p>\n","protected":false},"author":1,"featured_media":0,"parent":48,"menu_order":6,"comment_status":"closed","ping_status":"closed","template":"","meta":{"footnotes":""},"class_list":["post-305","page","type-page","status-publish","hentry"],"_links":{"self":[{"href":"https:\/\/rhoischnooke.de\/index.php\/wp-json\/wp\/v2\/pages\/305","targetHints":{"allow":["GET"]}}],"collection":[{"href":"https:\/\/rhoischnooke.de\/index.php\/wp-json\/wp\/v2\/pages"}],"about":[{"href":"https:\/\/rhoischnooke.de\/index.php\/wp-json\/wp\/v2\/types\/page"}],"author":[{"embeddable":true,"href":"https:\/\/rhoischnooke.de\/index.php\/wp-json\/wp\/v2\/users\/1"}],"replies":[{"embeddable":true,"href":"https:\/\/rhoischnooke.de\/index.php\/wp-json\/wp\/v2\/comments?post=305"}],"version-history":[{"count":10,"href":"https:\/\/rhoischnooke.de\/index.php\/wp-json\/wp\/v2\/pages\/305\/revisions"}],"predecessor-version":[{"id":1308,"href":"https:\/\/rhoischnooke.de\/index.php\/wp-json\/wp\/v2\/pages\/305\/revisions\/1308"}],"up":[{"embeddable":true,"href":"https:\/\/rhoischnooke.de\/index.php\/wp-json\/wp\/v2\/pages\/48"}],"wp:attachment":[{"href":"https:\/\/rhoischnooke.de\/index.php\/wp-json\/wp\/v2\/media?parent=305"}],"curies":[{"name":"wp","href":"https:\/\/api.w.org\/{rel}","templated":true}]}}