{"id":287,"date":"2024-06-13T17:54:22","date_gmt":"2024-06-13T15:54:22","guid":{"rendered":"https:\/\/wordpress.rhoischnooke.de\/?page_id=287"},"modified":"2025-10-29T17:39:06","modified_gmt":"2025-10-29T16:39:06","slug":"elwetritsche","status":"publish","type":"page","link":"https:\/\/rhoischnooke.de\/index.php\/gruppen\/schautanz\/elwetritsche\/","title":{"rendered":"Elwetritsche"},"content":{"rendered":"\t\t<div data-elementor-type=\"wp-page\" data-elementor-id=\"287\" class=\"elementor elementor-287\" data-elementor-post-type=\"page\">\n\t\t\t\t\t\t<section class=\"elementor-section elementor-top-section elementor-element elementor-element-ababf25 elementor-section-boxed elementor-section-height-default elementor-section-height-default\" data-id=\"ababf25\" data-element_type=\"section\" data-e-type=\"section\">\n\t\t\t\t\t\t<div class=\"elementor-container elementor-column-gap-default\">\n\t\t\t\t\t<div class=\"elementor-column elementor-col-50 elementor-top-column elementor-element elementor-element-83ec347\" data-id=\"83ec347\" data-element_type=\"column\" data-e-type=\"column\">\n\t\t\t<div class=\"elementor-widget-wrap elementor-element-populated\">\n\t\t\t\t\t\t<div class=\"elementor-element elementor-element-6b9db58 elementor-widget elementor-widget-text-editor\" data-id=\"6b9db58\" data-element_type=\"widget\" data-e-type=\"widget\" data-widget_type=\"text-editor.default\">\n\t\t\t\t<div class=\"elementor-widget-container\">\n\t\t\t\t\t\t\t\t\t<p>In l\u00e4ngst vergangenen Zeiten, siedelten die Elwetritsche in der Pfalz an. Seit 2016 gibt es sie beim Karnevalverein \u201edie Rhoischnooke\u201c.<\/p>\n<p>Es handelt sich um eine bunte, verr\u00fcckte Gruppe mit viel Spa\u00df, Humor und Comedy.<\/p>\n<p>Wer Lust an verr\u00fcckten und bunten T\u00e4nzen hat und f\u00fcr jeden Spa\u00df zu haben ist, ist bei der Comedygruppe \u201edie&nbsp; Elwetritsche\u201c,&nbsp; herzlich willkommen.<\/p>\n<p>Kontakt \u00fcber Jasmin Kerner unter 0170 3234066<\/p>\t\t\t\t\t\t\t\t<\/div>\n\t\t\t\t<\/div>\n\t\t\t\t\t<\/div>\n\t\t<\/div>\n\t\t\t\t<div class=\"elementor-column elementor-col-50 elementor-top-column elementor-element elementor-element-9ae5556\" data-id=\"9ae5556\" data-element_type=\"column\" data-e-type=\"column\">\n\t\t\t<div class=\"elementor-widget-wrap elementor-element-populated\">\n\t\t\t\t\t\t<div class=\"elementor-element elementor-element-6704964 elementor-widget__width-initial elementor-widget elementor-widget-image\" data-id=\"6704964\" data-element_type=\"widget\" data-e-type=\"widget\" data-widget_type=\"image.default\">\n\t\t\t\t<div class=\"elementor-widget-container\">\n\t\t\t\t\t\t\t\t\t\t\t\t\t\t\t<img fetchpriority=\"high\" decoding=\"async\" width=\"800\" height=\"534\" src=\"https:\/\/rhoischnooke.de\/wp-content\/uploads\/2025\/09\/NV_Elwetritsche_IMG_5404-1024x683.jpg\" class=\"attachment-large size-large wp-image-926\" alt=\"\" srcset=\"https:\/\/rhoischnooke.de\/wp-content\/uploads\/2025\/09\/NV_Elwetritsche_IMG_5404-1024x683.jpg 1024w, https:\/\/rhoischnooke.de\/wp-content\/uploads\/2025\/09\/NV_Elwetritsche_IMG_5404-300x200.jpg 300w, https:\/\/rhoischnooke.de\/wp-content\/uploads\/2025\/09\/NV_Elwetritsche_IMG_5404-768x512.jpg 768w, https:\/\/rhoischnooke.de\/wp-content\/uploads\/2025\/09\/NV_Elwetritsche_IMG_5404-1536x1024.jpg 1536w, https:\/\/rhoischnooke.de\/wp-content\/uploads\/2025\/09\/NV_Elwetritsche_IMG_5404.jpg 2048w\" sizes=\"(max-width: 800px) 100vw, 800px\" \/>\t\t\t\t\t\t\t\t\t\t\t\t\t\t\t<\/div>\n\t\t\t\t<\/div>\n\t\t\t\t\t<\/div>\n\t\t<\/div>\n\t\t\t\t\t<\/div>\n\t\t<\/section>\n\t\t\t\t<section class=\"elementor-section elementor-top-section elementor-element elementor-element-1b93dcd elementor-section-boxed elementor-section-height-default elementor-section-height-default\" data-id=\"1b93dcd\" data-element_type=\"section\" data-e-type=\"section\">\n\t\t\t\t\t\t<div class=\"elementor-container elementor-column-gap-default\">\n\t\t\t\t\t<div class=\"elementor-column elementor-col-50 elementor-top-column elementor-element elementor-element-3f5d20a\" data-id=\"3f5d20a\" data-element_type=\"column\" data-e-type=\"column\">\n\t\t\t<div class=\"elementor-widget-wrap\">\n\t\t\t\t\t\t\t<\/div>\n\t\t<\/div>\n\t\t\t\t<div class=\"elementor-column elementor-col-50 elementor-top-column elementor-element elementor-element-ee9c08a\" data-id=\"ee9c08a\" data-element_type=\"column\" data-e-type=\"column\">\n\t\t\t<div class=\"elementor-widget-wrap\">\n\t\t\t\t\t\t\t<\/div>\n\t\t<\/div>\n\t\t\t\t\t<\/div>\n\t\t<\/section>\n\t\t\t\t<\/div>\n\t\t","protected":false},"excerpt":{"rendered":"<p>In l\u00e4ngst vergangenen Zeiten, siedelten die Elwetritsche in der Pfalz an. Seit 2016 gibt es sie beim Karnevalverein \u201edie Rhoischnooke\u201c. Es handelt sich um eine bunte, verr\u00fcckte Gruppe mit viel Spa\u00df, Humor und Comedy. Wer Lust an verr\u00fcckten und bunten T\u00e4nzen hat und f\u00fcr jeden Spa\u00df zu haben ist, ist bei der Comedygruppe \u201edie&nbsp; Elwetritsche\u201c,&nbsp; [&hellip;]<\/p>\n","protected":false},"author":1,"featured_media":0,"parent":50,"menu_order":7,"comment_status":"closed","ping_status":"closed","template":"","meta":{"footnotes":""},"class_list":["post-287","page","type-page","status-publish","hentry"],"_links":{"self":[{"href":"https:\/\/rhoischnooke.de\/index.php\/wp-json\/wp\/v2\/pages\/287","targetHints":{"allow":["GET"]}}],"collection":[{"href":"https:\/\/rhoischnooke.de\/index.php\/wp-json\/wp\/v2\/pages"}],"about":[{"href":"https:\/\/rhoischnooke.de\/index.php\/wp-json\/wp\/v2\/types\/page"}],"author":[{"embeddable":true,"href":"https:\/\/rhoischnooke.de\/index.php\/wp-json\/wp\/v2\/users\/1"}],"replies":[{"embeddable":true,"href":"https:\/\/rhoischnooke.de\/index.php\/wp-json\/wp\/v2\/comments?post=287"}],"version-history":[{"count":10,"href":"https:\/\/rhoischnooke.de\/index.php\/wp-json\/wp\/v2\/pages\/287\/revisions"}],"predecessor-version":[{"id":1104,"href":"https:\/\/rhoischnooke.de\/index.php\/wp-json\/wp\/v2\/pages\/287\/revisions\/1104"}],"up":[{"embeddable":true,"href":"https:\/\/rhoischnooke.de\/index.php\/wp-json\/wp\/v2\/pages\/50"}],"wp:attachment":[{"href":"https:\/\/rhoischnooke.de\/index.php\/wp-json\/wp\/v2\/media?parent=287"}],"curies":[{"name":"wp","href":"https:\/\/api.w.org\/{rel}","templated":true}]}}