{"id":214,"date":"2024-06-13T10:47:26","date_gmt":"2024-06-13T08:47:26","guid":{"rendered":"https:\/\/wordpress.rhoischnooke.de\/?page_id=214"},"modified":"2026-03-27T20:00:03","modified_gmt":"2026-03-27T19:00:03","slug":"maennerballett","status":"publish","type":"page","link":"https:\/\/rhoischnooke.de\/index.php\/gruppen\/schautanz\/maennerballett\/","title":{"rendered":"M\u00e4nnerballett"},"content":{"rendered":"\t\t<div data-elementor-type=\"wp-page\" data-elementor-id=\"214\" class=\"elementor elementor-214\" data-elementor-post-type=\"page\">\n\t\t\t\t\t\t<section class=\"elementor-section elementor-top-section elementor-element elementor-element-36b9897 elementor-section-boxed elementor-section-height-default elementor-section-height-default\" data-id=\"36b9897\" data-element_type=\"section\" data-e-type=\"section\">\n\t\t\t\t\t\t<div class=\"elementor-container elementor-column-gap-default\">\n\t\t\t\t\t<div class=\"elementor-column elementor-col-50 elementor-top-column elementor-element elementor-element-6226240\" data-id=\"6226240\" data-element_type=\"column\" data-e-type=\"column\">\n\t\t\t<div class=\"elementor-widget-wrap elementor-element-populated\">\n\t\t\t\t\t\t<div class=\"elementor-element elementor-element-2632014 elementor-widget elementor-widget-text-editor\" data-id=\"2632014\" data-element_type=\"widget\" data-e-type=\"widget\" data-widget_type=\"text-editor.default\">\n\t\t\t\t<div class=\"elementor-widget-container\">\n\t\t\t\t\t\t\t\t\t<p align=\"JUSTIFY\">Beim Karnevalverein &#8222;Die Rhoischnooke&#8220; Germersheim gibt es seit 2013 das M\u00e4nnerballett. Es handelt sich hierbei um eine Gruppe, die urspr\u00fcnglich aus dem Elferrat stammt, sich nun aber als eigenst\u00e4ndige Tanzgruppe gegr\u00fcndet hat.<\/p><p align=\"JUSTIFY\">Angesprochen sind junge, und jung gebliebene, M\u00e4nner, die Spa\u00df am Tanzen, auf jeden Fall aber auch an Jux und Tollerei haben. Neben Auftritten bei den Prunksitzungen des KVG sind auch Teilnahmen an verschiedenen M\u00e4nnerballettturnieren geplant. Die Themen vergangener T\u00e4nze waren z.B. &#8222;Zwerge&#8220; und &#8222;Traumschiff Surprise&#8220;. Wie immer, wollen wir mit dem aktuell geplanten Tanz erneut das Publikum rocken.<\/p><p align=\"JUSTIFY\">Wie schon erw\u00e4hnt suchen wir M\u00e4nner, die Spa\u00df an der Freud haben, t\u00e4nzerische Erfahrung ist keine Voraussetzung. Wer Lust hat, kommt zu unserem Training. Erfolgreich trainiert wird die Gruppe von Andrea Bukowski, betreut wird die Truppe von Jana Hennig.<\/p><p align=\"JUSTIFY\">Kontakt: Denise Hermes unter 0173 7021916<\/p>\t\t\t\t\t\t\t\t<\/div>\n\t\t\t\t<\/div>\n\t\t\t\t\t<\/div>\n\t\t<\/div>\n\t\t\t\t<div class=\"elementor-column elementor-col-50 elementor-top-column elementor-element elementor-element-e4284dd\" data-id=\"e4284dd\" data-element_type=\"column\" data-e-type=\"column\">\n\t\t\t<div class=\"elementor-widget-wrap elementor-element-populated\">\n\t\t\t\t\t\t<div class=\"elementor-element elementor-element-3784e39 elementor-widget elementor-widget-image\" data-id=\"3784e39\" data-element_type=\"widget\" data-e-type=\"widget\" data-widget_type=\"image.default\">\n\t\t\t\t<div class=\"elementor-widget-container\">\n\t\t\t\t\t\t\t\t\t\t\t\t\t\t\t<img fetchpriority=\"high\" decoding=\"async\" width=\"800\" height=\"534\" src=\"https:\/\/rhoischnooke.de\/wp-content\/uploads\/2025\/09\/NV_MaennerballettIMG_5459-1024x683.jpg\" class=\"attachment-large size-large wp-image-928\" alt=\"\" srcset=\"https:\/\/rhoischnooke.de\/wp-content\/uploads\/2025\/09\/NV_MaennerballettIMG_5459-1024x683.jpg 1024w, https:\/\/rhoischnooke.de\/wp-content\/uploads\/2025\/09\/NV_MaennerballettIMG_5459-300x200.jpg 300w, https:\/\/rhoischnooke.de\/wp-content\/uploads\/2025\/09\/NV_MaennerballettIMG_5459-768x512.jpg 768w, https:\/\/rhoischnooke.de\/wp-content\/uploads\/2025\/09\/NV_MaennerballettIMG_5459-1536x1024.jpg 1536w, https:\/\/rhoischnooke.de\/wp-content\/uploads\/2025\/09\/NV_MaennerballettIMG_5459.jpg 2048w\" sizes=\"(max-width: 800px) 100vw, 800px\" \/>\t\t\t\t\t\t\t\t\t\t\t\t\t\t\t<\/div>\n\t\t\t\t<\/div>\n\t\t\t\t\t<\/div>\n\t\t<\/div>\n\t\t\t\t\t<\/div>\n\t\t<\/section>\n\t\t\t\t<section class=\"elementor-section elementor-top-section elementor-element elementor-element-83802b6 elementor-section-boxed elementor-section-height-default elementor-section-height-default\" data-id=\"83802b6\" data-element_type=\"section\" data-e-type=\"section\">\n\t\t\t\t\t\t<div class=\"elementor-container elementor-column-gap-default\">\n\t\t\t\t\t<div class=\"elementor-column elementor-col-100 elementor-top-column elementor-element elementor-element-b4b2704\" data-id=\"b4b2704\" data-element_type=\"column\" data-e-type=\"column\">\n\t\t\t<div class=\"elementor-widget-wrap elementor-element-populated\">\n\t\t\t\t\t\t<div class=\"elementor-element elementor-element-b0773d1 elementor-widget elementor-widget-image\" data-id=\"b0773d1\" data-element_type=\"widget\" data-e-type=\"widget\" data-widget_type=\"image.default\">\n\t\t\t\t<div class=\"elementor-widget-container\">\n\t\t\t\t\t\t\t\t\t\t\t\t\t\t\t<img decoding=\"async\" width=\"800\" height=\"419\" src=\"https:\/\/rhoischnooke.de\/wp-content\/uploads\/2025\/11\/WhatsApp-Bild-2025-11-01-um-12.47.18_0fb66f22-e1761997764611-1024x536.jpg\" class=\"attachment-large size-large wp-image-1316\" alt=\"\" srcset=\"https:\/\/rhoischnooke.de\/wp-content\/uploads\/2025\/11\/WhatsApp-Bild-2025-11-01-um-12.47.18_0fb66f22-e1761997764611-1024x536.jpg 1024w, https:\/\/rhoischnooke.de\/wp-content\/uploads\/2025\/11\/WhatsApp-Bild-2025-11-01-um-12.47.18_0fb66f22-e1761997764611-300x157.jpg 300w, https:\/\/rhoischnooke.de\/wp-content\/uploads\/2025\/11\/WhatsApp-Bild-2025-11-01-um-12.47.18_0fb66f22-e1761997764611-768x402.jpg 768w, https:\/\/rhoischnooke.de\/wp-content\/uploads\/2025\/11\/WhatsApp-Bild-2025-11-01-um-12.47.18_0fb66f22-e1761997764611-1536x804.jpg 1536w, https:\/\/rhoischnooke.de\/wp-content\/uploads\/2025\/11\/WhatsApp-Bild-2025-11-01-um-12.47.18_0fb66f22-e1761997764611.jpg 1600w\" sizes=\"(max-width: 800px) 100vw, 800px\" \/>\t\t\t\t\t\t\t\t\t\t\t\t\t\t\t<\/div>\n\t\t\t\t<\/div>\n\t\t\t\t\t<\/div>\n\t\t<\/div>\n\t\t\t\t\t<\/div>\n\t\t<\/section>\n\t\t\t\t<\/div>\n\t\t","protected":false},"excerpt":{"rendered":"<p>Beim Karnevalverein &#8222;Die Rhoischnooke&#8220; Germersheim gibt es seit 2013 das M\u00e4nnerballett. Es handelt sich hierbei um eine Gruppe, die urspr\u00fcnglich aus dem Elferrat stammt, sich nun aber als eigenst\u00e4ndige Tanzgruppe gegr\u00fcndet hat. Angesprochen sind junge, und jung gebliebene, M\u00e4nner, die Spa\u00df am Tanzen, auf jeden Fall aber auch an Jux und Tollerei haben. Neben Auftritten [&hellip;]<\/p>\n","protected":false},"author":1,"featured_media":0,"parent":50,"menu_order":2,"comment_status":"closed","ping_status":"closed","template":"","meta":{"footnotes":""},"class_list":["post-214","page","type-page","status-publish","hentry"],"_links":{"self":[{"href":"https:\/\/rhoischnooke.de\/index.php\/wp-json\/wp\/v2\/pages\/214","targetHints":{"allow":["GET"]}}],"collection":[{"href":"https:\/\/rhoischnooke.de\/index.php\/wp-json\/wp\/v2\/pages"}],"about":[{"href":"https:\/\/rhoischnooke.de\/index.php\/wp-json\/wp\/v2\/types\/page"}],"author":[{"embeddable":true,"href":"https:\/\/rhoischnooke.de\/index.php\/wp-json\/wp\/v2\/users\/1"}],"replies":[{"embeddable":true,"href":"https:\/\/rhoischnooke.de\/index.php\/wp-json\/wp\/v2\/comments?post=214"}],"version-history":[{"count":10,"href":"https:\/\/rhoischnooke.de\/index.php\/wp-json\/wp\/v2\/pages\/214\/revisions"}],"predecessor-version":[{"id":1563,"href":"https:\/\/rhoischnooke.de\/index.php\/wp-json\/wp\/v2\/pages\/214\/revisions\/1563"}],"up":[{"embeddable":true,"href":"https:\/\/rhoischnooke.de\/index.php\/wp-json\/wp\/v2\/pages\/50"}],"wp:attachment":[{"href":"https:\/\/rhoischnooke.de\/index.php\/wp-json\/wp\/v2\/media?parent=214"}],"curies":[{"name":"wp","href":"https:\/\/api.w.org\/{rel}","templated":true}]}}