{"id":12,"date":"2024-06-11T16:21:39","date_gmt":"2024-06-11T14:21:39","guid":{"rendered":"http:\/\/192.168.178.56\/wordpress\/?page_id=12"},"modified":"2025-11-19T13:23:28","modified_gmt":"2025-11-19T12:23:28","slug":"12-2","status":"publish","type":"page","link":"https:\/\/rhoischnooke.de\/index.php\/12-2\/","title":{"rendered":"Impressum"},"content":{"rendered":"\t\t<div data-elementor-type=\"wp-page\" data-elementor-id=\"12\" class=\"elementor elementor-12\" data-elementor-post-type=\"page\">\n\t\t\t\t\t\t<section class=\"elementor-section elementor-top-section elementor-element elementor-element-6c3ea50f elementor-section-boxed elementor-section-height-default elementor-section-height-default\" data-id=\"6c3ea50f\" data-element_type=\"section\" data-e-type=\"section\">\n\t\t\t\t\t\t<div class=\"elementor-container elementor-column-gap-default\">\n\t\t\t\t\t<div class=\"elementor-column elementor-col-100 elementor-top-column elementor-element elementor-element-1f1f14cb\" data-id=\"1f1f14cb\" data-element_type=\"column\" data-e-type=\"column\">\n\t\t\t<div class=\"elementor-widget-wrap elementor-element-populated\">\n\t\t\t\t\t\t<div class=\"elementor-element elementor-element-85776cd elementor-widget elementor-widget-text-editor\" data-id=\"85776cd\" data-element_type=\"widget\" data-e-type=\"widget\" data-widget_type=\"text-editor.default\">\n\t\t\t\t<div class=\"elementor-widget-container\">\n\t\t\t\t\t\t\t\t\t<p><strong><u>Impressum<\/u><\/strong><\/p><p>Angaben gem\u00e4\u00df \u00a7 5 TMG<\/p><p>Karnevalverein Germersheim am Rhein \u201eDie Rhoischnooke\u201c 1960 e.V.<br \/>Postfach 1143<br \/>76711 Germersheim<br \/>Deutschland<\/p><p>Vereinsregister: VR 617, Amtsgericht Landau\/Pfalz<br \/>Rechtsform: Eingetragener Verein (e.V.)<\/p><p>Vertretungsberechtigter Vorstand<\/p><ol><li><strong>Vorsitzender: Herr Michael Butz<\/strong><\/li><li><strong>Vorsitzende: Frau Susanne Gerber-Immig<\/strong><\/li><\/ol><p>\u00a0<\/p><p><strong><u>Kontakt<\/u><\/strong><\/p><p>Telefon: +49 (0) 177 7792096<br \/>E-Mail: 1V@rhoischnooke.de<\/p><p>Umsatzsteuer \/ steuerliche Angaben<\/p><p>Umsatzsteuer-Identifikationsnummer gem\u00e4\u00df \u00a7 27a UStG: <em>nicht vorhanden \/ entf\u00e4llt f\u00fcr Vereine<\/em><br \/>Steuernummer: 41\/658\/0262\/2<\/p><p>\u00a0<\/p><p><strong><u>Verantwortlich f\u00fcr den Inhalt<\/u> nach \u00a7 18 Abs. 2 MStV<\/strong><\/p><p><em>(aktuelle gesetzliche Bezeichnung seit 2021 \u2013 fr\u00fcher \u00a7 55 RStV)<\/em><br \/>Michael Butz<br \/>Friedhofstr. 15<br \/>67378 Zeiskam<br \/>Deutschland<\/p><p>\u00a0<\/p><p><strong><u>Streitbeilegung<\/u><\/strong><\/p><p>Wir sind nicht bereit und nicht verpflichtet, an Streitbeilegungsverfahren vor einer Verbraucherschlichtungsstelle teilzunehmen.<\/p><p>\u00a0<\/p><p><strong><u>Haftung f\u00fcr Inhalte<\/u><\/strong><\/p><p>Als Diensteanbieter sind wir gem\u00e4\u00df \u00a7 7 Abs. 1 TMG f\u00fcr eigene Inhalte auf diesen Seiten nach den allgemeinen Gesetzen verantwortlich.<br \/>Nach \u00a7\u00a7 8\u201310 TMG sind wir jedoch nicht verpflichtet, \u00fcbermittelte oder gespeicherte fremde Informationen zu \u00fcberwachen oder nach Umst\u00e4nden zu forschen, die auf eine rechtswidrige T\u00e4tigkeit hinweisen.<\/p><p>Verpflichtungen zur Entfernung oder Sperrung der Nutzung von Informationen nach den allgemeinen Gesetzen bleiben hiervon unber\u00fchrt.<br \/>Eine Haftung ist jedoch erst ab dem Zeitpunkt der Kenntnis einer konkreten Rechtsverletzung m\u00f6glich.<br \/>Bei Bekanntwerden entsprechender Rechtsverletzungen entfernen wir diese Inhalte umgehend.<\/p><p>\u00a0<\/p><p><strong><u>Haftung f\u00fcr Links<\/u><\/strong><\/p><p>Unser Angebot enth\u00e4lt Links zu externen Websites Dritter, auf deren Inhalte wir keinen Einfluss haben.<br \/>Deshalb k\u00f6nnen wir f\u00fcr diese fremden Inhalte keine Gew\u00e4hr \u00fcbernehmen.<br \/>F\u00fcr die Inhalte der verlinkten Seiten ist stets der jeweilige Anbieter oder Betreiber verantwortlich.<\/p><p>Zum Zeitpunkt der Verlinkung waren keine rechtswidrigen Inhalte erkennbar.<br \/>Eine dauerhafte Kontrolle der verlinkten Seiten ohne konkrete Hinweise ist nicht zumutbar.<br \/>Bei Bekanntwerden von Rechtsverletzungen entfernen wir derartige Links umgehend.<\/p><p>\u00a0<\/p><p><strong><u>Urheberrecht<\/u><\/strong><\/p><p>Die auf dieser Website erstellten Inhalte und Werke unterliegen dem deutschen Urheberrecht.<\/p><p>Vervielf\u00e4ltigung, Bearbeitung, Verbreitung und jede Art der Verwertung au\u00dferhalb der Grenzen des Urheberrechts bed\u00fcrfen der schriftlichen Zustimmung des jeweiligen Rechteinhabers.<\/p><p>Downloads und Kopien dieser Seite sind nur f\u00fcr den privaten, nicht kommerziellen Gebrauch gestattet.<\/p><p style=\"text-align: left;\">Soweit Inhalte nicht vom Betreiber erstellt wurden, werden die Urheberrechte Dritter beachtet und entsprechende Inhalte als solche gekennzeichnet.<br \/>Sollten Sie dennoch eine Urheberrechtsverletzung feststellen, informieren Sie uns bitte.<br \/>Bei Bekanntwerden von Rechtsverletzungen entfernen wir derartige Inhalte umgehend.<\/p>\t\t\t\t\t\t\t\t<\/div>\n\t\t\t\t<\/div>\n\t\t\t\t\t<\/div>\n\t\t<\/div>\n\t\t\t\t\t<\/div>\n\t\t<\/section>\n\t\t\t\t<\/div>\n\t\t","protected":false},"excerpt":{"rendered":"<p>Impressum Angaben gem\u00e4\u00df \u00a7 5 TMG Karnevalverein Germersheim am Rhein \u201eDie Rhoischnooke\u201c 1960 e.V.Postfach 114376711 GermersheimDeutschland Vereinsregister: VR 617, Amtsgericht Landau\/PfalzRechtsform: Eingetragener Verein (e.V.) Vertretungsberechtigter Vorstand Vorsitzender: Herr Michael Butz Vorsitzende: Frau Susanne Gerber-Immig \u00a0 Kontakt Telefon: +49 (0) 177 7792096E-Mail: 1V@rhoischnooke.de Umsatzsteuer \/ steuerliche Angaben Umsatzsteuer-Identifikationsnummer gem\u00e4\u00df \u00a7 27a UStG: nicht vorhanden \/ entf\u00e4llt [&hellip;]<\/p>\n","protected":false},"author":1,"featured_media":0,"parent":0,"menu_order":12,"comment_status":"closed","ping_status":"closed","template":"","meta":{"footnotes":""},"class_list":["post-12","page","type-page","status-publish","hentry"],"_links":{"self":[{"href":"https:\/\/rhoischnooke.de\/index.php\/wp-json\/wp\/v2\/pages\/12","targetHints":{"allow":["GET"]}}],"collection":[{"href":"https:\/\/rhoischnooke.de\/index.php\/wp-json\/wp\/v2\/pages"}],"about":[{"href":"https:\/\/rhoischnooke.de\/index.php\/wp-json\/wp\/v2\/types\/page"}],"author":[{"embeddable":true,"href":"https:\/\/rhoischnooke.de\/index.php\/wp-json\/wp\/v2\/users\/1"}],"replies":[{"embeddable":true,"href":"https:\/\/rhoischnooke.de\/index.php\/wp-json\/wp\/v2\/comments?post=12"}],"version-history":[{"count":8,"href":"https:\/\/rhoischnooke.de\/index.php\/wp-json\/wp\/v2\/pages\/12\/revisions"}],"predecessor-version":[{"id":1400,"href":"https:\/\/rhoischnooke.de\/index.php\/wp-json\/wp\/v2\/pages\/12\/revisions\/1400"}],"wp:attachment":[{"href":"https:\/\/rhoischnooke.de\/index.php\/wp-json\/wp\/v2\/media?parent=12"}],"curies":[{"name":"wp","href":"https:\/\/api.w.org\/{rel}","templated":true}]}}