{"id":103,"date":"2024-06-11T20:03:14","date_gmt":"2024-06-11T18:03:14","guid":{"rendered":"http:\/\/192.168.178.56\/wordpress\/?page_id=103"},"modified":"2026-03-27T20:17:11","modified_gmt":"2026-03-27T19:17:11","slug":"junuiorengarde","status":"publish","type":"page","link":"https:\/\/rhoischnooke.de\/index.php\/gruppen\/garde\/junuiorengarde\/","title":{"rendered":"Juniorengarde"},"content":{"rendered":"\t\t<div data-elementor-type=\"wp-page\" data-elementor-id=\"103\" class=\"elementor elementor-103\" data-elementor-post-type=\"page\">\n\t\t\t\t\t\t<section class=\"elementor-section elementor-top-section elementor-element elementor-element-7a1f4aa elementor-section-boxed elementor-section-height-default elementor-section-height-default\" data-id=\"7a1f4aa\" data-element_type=\"section\" data-e-type=\"section\">\n\t\t\t\t\t\t<div class=\"elementor-container elementor-column-gap-default\">\n\t\t\t\t\t<div class=\"elementor-column elementor-col-50 elementor-top-column elementor-element elementor-element-460b23c\" data-id=\"460b23c\" data-element_type=\"column\" data-e-type=\"column\">\n\t\t\t<div class=\"elementor-widget-wrap elementor-element-populated\">\n\t\t\t\t\t\t<div class=\"elementor-element elementor-element-38a472b elementor-widget elementor-widget-text-editor\" data-id=\"38a472b\" data-element_type=\"widget\" data-e-type=\"widget\" data-widget_type=\"text-editor.default\">\n\t\t\t\t<div class=\"elementor-widget-container\">\n\t\t\t\t\t\t\t\t\t<p>Die Juniorengarde des KVG besteht derzeit aus 22 T\u00e4nzerinnen im Alter zwischen 11 und 14\u00a0 Jahren. Trotz intensivem Training kommt der Spa\u00df nat\u00fcrlich nicht zu kurz.<\/p><p>Trainiert wird die Gruppe von Monique Kaufmann, Nathalie He\u00df und Jana Renner und betreut werden sie von Manuela Becki-Schlindwein und Isabell Garrecht.\u00a0<\/p><p>Neben den eigenen Vereinsveranstaltungen treten wir auf unterschiedlichen Gardeb\u00e4llen und\u00a0 Turnieren auf.<\/p><p>Die Trainingszeiten finden mittwochs in der Nadinihalle von 18:00 \u2013 19:00 Uhr statt.<\/p><p>Nat\u00fcrlich freuen wir uns \u00fcber neue T\u00e4nzerinnen und T\u00e4nzer. Bei Interesse meldet euch bei Denise Hermes unter 0173 7021916.<\/p><p><strong><span style=\"font-size: small;\"><span style=\"font-family: arial, helvetica, sans-serif;\">TANZEN hei\u00dft TR\u00c4UMEN mit den BEINEN!<\/span><\/span><\/strong><\/p>\t\t\t\t\t\t\t\t<\/div>\n\t\t\t\t<\/div>\n\t\t\t\t\t<\/div>\n\t\t<\/div>\n\t\t\t\t<div class=\"elementor-column elementor-col-50 elementor-top-column elementor-element elementor-element-fc27f2a\" data-id=\"fc27f2a\" data-element_type=\"column\" data-e-type=\"column\">\n\t\t\t<div class=\"elementor-widget-wrap elementor-element-populated\">\n\t\t\t\t\t\t<div class=\"elementor-element elementor-element-1136e8f elementor-widget__width-initial elementor-widget elementor-widget-image\" data-id=\"1136e8f\" data-element_type=\"widget\" data-e-type=\"widget\" data-widget_type=\"image.default\">\n\t\t\t\t<div class=\"elementor-widget-container\">\n\t\t\t\t\t\t\t\t\t\t\t\t\t\t\t<img fetchpriority=\"high\" decoding=\"async\" width=\"800\" height=\"741\" src=\"https:\/\/rhoischnooke.de\/wp-content\/uploads\/2025\/09\/IMG_5863-e1758744297297-1024x948.jpeg\" class=\"attachment-large size-large wp-image-890\" alt=\"\" srcset=\"https:\/\/rhoischnooke.de\/wp-content\/uploads\/2025\/09\/IMG_5863-e1758744297297-1024x948.jpeg 1024w, https:\/\/rhoischnooke.de\/wp-content\/uploads\/2025\/09\/IMG_5863-e1758744297297-300x278.jpeg 300w, https:\/\/rhoischnooke.de\/wp-content\/uploads\/2025\/09\/IMG_5863-e1758744297297-768x711.jpeg 768w, https:\/\/rhoischnooke.de\/wp-content\/uploads\/2025\/09\/IMG_5863-e1758744297297.jpeg 1179w\" sizes=\"(max-width: 800px) 100vw, 800px\" \/>\t\t\t\t\t\t\t\t\t\t\t\t\t\t\t<\/div>\n\t\t\t\t<\/div>\n\t\t\t\t\t<\/div>\n\t\t<\/div>\n\t\t\t\t\t<\/div>\n\t\t<\/section>\n\t\t\t\t<section class=\"elementor-section elementor-top-section elementor-element elementor-element-a610b15 elementor-section-boxed elementor-section-height-default elementor-section-height-default\" data-id=\"a610b15\" data-element_type=\"section\" data-e-type=\"section\">\n\t\t\t\t\t\t<div class=\"elementor-container elementor-column-gap-default\">\n\t\t\t\t\t<div class=\"elementor-column elementor-col-100 elementor-top-column elementor-element elementor-element-1af3e9b\" data-id=\"1af3e9b\" data-element_type=\"column\" data-e-type=\"column\">\n\t\t\t<div class=\"elementor-widget-wrap elementor-element-populated\">\n\t\t\t\t\t\t<div class=\"elementor-element elementor-element-1371fc9 elementor-widget elementor-widget-image\" data-id=\"1371fc9\" data-element_type=\"widget\" data-e-type=\"widget\" data-widget_type=\"image.default\">\n\t\t\t\t<div class=\"elementor-widget-container\">\n\t\t\t\t\t\t\t\t\t\t\t\t\t\t\t<img decoding=\"async\" width=\"2048\" height=\"836\" src=\"https:\/\/rhoischnooke.de\/wp-content\/uploads\/2025\/09\/NV_JuniorengardeIMG_5425-e1758744461397.jpg\" class=\"attachment-2048x2048 size-2048x2048 wp-image-956\" alt=\"\" srcset=\"https:\/\/rhoischnooke.de\/wp-content\/uploads\/2025\/09\/NV_JuniorengardeIMG_5425-e1758744461397.jpg 2048w, https:\/\/rhoischnooke.de\/wp-content\/uploads\/2025\/09\/NV_JuniorengardeIMG_5425-e1758744461397-300x122.jpg 300w, https:\/\/rhoischnooke.de\/wp-content\/uploads\/2025\/09\/NV_JuniorengardeIMG_5425-e1758744461397-1024x418.jpg 1024w, https:\/\/rhoischnooke.de\/wp-content\/uploads\/2025\/09\/NV_JuniorengardeIMG_5425-e1758744461397-768x314.jpg 768w, https:\/\/rhoischnooke.de\/wp-content\/uploads\/2025\/09\/NV_JuniorengardeIMG_5425-e1758744461397-1536x627.jpg 1536w\" sizes=\"(max-width: 2048px) 100vw, 2048px\" \/>\t\t\t\t\t\t\t\t\t\t\t\t\t\t\t<\/div>\n\t\t\t\t<\/div>\n\t\t\t\t\t<\/div>\n\t\t<\/div>\n\t\t\t\t\t<\/div>\n\t\t<\/section>\n\t\t\t\t<\/div>\n\t\t","protected":false},"excerpt":{"rendered":"<p>Die Juniorengarde des KVG besteht derzeit aus 22 T\u00e4nzerinnen im Alter zwischen 11 und 14\u00a0 Jahren. Trotz intensivem Training kommt der Spa\u00df nat\u00fcrlich nicht zu kurz. Trainiert wird die Gruppe von Monique Kaufmann, Nathalie He\u00df und Jana Renner und betreut werden sie von Manuela Becki-Schlindwein und Isabell Garrecht.\u00a0 Neben den eigenen Vereinsveranstaltungen treten wir auf [&hellip;]<\/p>\n","protected":false},"author":1,"featured_media":0,"parent":54,"menu_order":2,"comment_status":"closed","ping_status":"closed","template":"","meta":{"footnotes":""},"class_list":["post-103","page","type-page","status-publish","hentry"],"_links":{"self":[{"href":"https:\/\/rhoischnooke.de\/index.php\/wp-json\/wp\/v2\/pages\/103","targetHints":{"allow":["GET"]}}],"collection":[{"href":"https:\/\/rhoischnooke.de\/index.php\/wp-json\/wp\/v2\/pages"}],"about":[{"href":"https:\/\/rhoischnooke.de\/index.php\/wp-json\/wp\/v2\/types\/page"}],"author":[{"embeddable":true,"href":"https:\/\/rhoischnooke.de\/index.php\/wp-json\/wp\/v2\/users\/1"}],"replies":[{"embeddable":true,"href":"https:\/\/rhoischnooke.de\/index.php\/wp-json\/wp\/v2\/comments?post=103"}],"version-history":[{"count":10,"href":"https:\/\/rhoischnooke.de\/index.php\/wp-json\/wp\/v2\/pages\/103\/revisions"}],"predecessor-version":[{"id":1576,"href":"https:\/\/rhoischnooke.de\/index.php\/wp-json\/wp\/v2\/pages\/103\/revisions\/1576"}],"up":[{"embeddable":true,"href":"https:\/\/rhoischnooke.de\/index.php\/wp-json\/wp\/v2\/pages\/54"}],"wp:attachment":[{"href":"https:\/\/rhoischnooke.de\/index.php\/wp-json\/wp\/v2\/media?parent=103"}],"curies":[{"name":"wp","href":"https:\/\/api.w.org\/{rel}","templated":true}]}}